 u = 2 - 2. Let r(x) be the third derivative of x**4/24 + 49*x**3/6 + 173*x**2 - x + 24. What is r(u)?
49
Let x = 62 + -60. Let u be -6*(0 - x - 27/(-18)). Let g = -5 + u. Let y(a) = a**3 + 3*a**2 + a - 1. What is y(g)?
1
Let k be 5/(((-880)/96)/(-11)). Let w(r) be the third derivative of 0*r - 1/6*r**3 - 3*r**2 - 1/120*r**k + 0 + 7/60*r**5 - 5/24*r**4. Determine w(6).
5
Let k(h) = h**3 - 8*h**2 + 18*h - 9. Let u(t) = -2*t**2 + 24*t - 17. Let m be u(11). Determine k(m).
6
Let j(o) = o + 16. Let q(i) = -i**2 + 8*i - 25. Let b be q(7). Let m be (-24 + 6)*(-3)/b*3. Calculate j(m).
7
Let q(c) be the third derivative of -c**5/30 - 4*c**2. Suppose r - 172 + 8 = 0. Let g = r - 162. Give q(g).
-8
Let o = 2 + -4. Let z(u) = -3*u**3 + 7*u**2 + 11*u + 7. Let i(y) = 76*y + 3 - y**3 - 34*y + 3*y**2 - 37*y. Let v(k) = -5*i(k) + 2*z(k). Give v(o).
9
Suppose -4*p + 34 = -5*x, 18*p + 4*x + 27 = 21*p. Let b(m) = -12*m**2 - 2. Give b(p).
-14
Let d(m) = -6*m - 96. Let s = 8266 + -8280. What is d(s)?
-12
Let i be -2*(-10)/(-4)*1. Let r(v) be the third derivative of v**6/120 + v**5/10 + v**4/8 - 5*v**3/6 + 25071*v**2. Determine r(i).
5
Let h(u) = -5*u**2 - 49 + 174 + u**2 - 45 - 61 - 51*u. What is h(-13)?
6
Let x(o) = o**3 + 2*o**2 + 4*o + 3. Let p = 3006 - 3096. Suppose 0*l - 440 = 5*l. Let b = p - l. What is x(b)?
-5
Let c = -16463 + 16472. Let u be (-10)/15 + 58/6. Let k(b) = 0*b**2 + b**2 + b - b - u*b + 2. What is k(c)?
2
Let r(a) = -4 + a**2 - 6 + 2*a + 3 - 3*a. Let u be r(-3). Let q(t) = -t**3 + 3*t**2 + 7*t + 2. Determine q(u).
-13
Let f(q) = 4*q - 4. Let i(u) = -4*u + 4. Let w(l) = -4*f(l) - 3*i(l). Give w(0).
4
Let l(a) = -a + 1. Let y be l(3). Let b(m) = m - 158 + 512 - 179 - 176. Calculate b(y).
-3
Let p(y) = 8*y + 2. Let v be (9 - 10)*-1*4. Suppose -v - 6 = -5*i. Suppose -3*x + 4*b = 26, -4*b = -i*x - 0*x - 24. Give p(x).
-14
Let s(n) = -3 - 5*n**2 - 2*n**2 - 3*n + 4*n**2 + 2*n**2 + 0*n**2. Let z = -16 + 34. Let a = z + -23. Determine s(a).
-13
Let s be 129/(-21) + 2/14. Let y be ((-11)/(-33))/(0 + 2/s). Let n(b) = 7*b**3. Calculate n(y).
-7
Let c(d) = -9*d + 2. Suppose -5*i + 2*q = -1 + 3, 0 = i + q + 6. Let o(k) = -k**2 - k - 1. Let f = -708 + 709. Let v(p) = f*c(p) + i*o(p). Calculate v(4).
8
Let v(y) be the second derivative of -y**3/6 - 9*y**2 - y. Suppose 125*g - 2644 = 494*g + 2891. Determine v(g).
-3
Let t(k) = k**3 - 12*k**2 + 11*k - 44. Let i(a) = 3*a**3 - 37*a**2 + 34*a - 125. Let s(z) = -6*i(z) + 17*t(z). Give s(17).
2
Suppose 2*q + 3 = 9. Let s(f) be the first derivative of 1/3*f**3 - 4*f + 45 - 1/2*f**2. Give s(q).
2
Suppose -5*n = 4*d - 34, d = 4*n + 2*d - 25. Let g(l) be the third derivative of 1/120*l**6 + 0*l - 1/6*l**4 + 12*l**2 + 3/2*l**3 + 0 - 1/10*l**5. Give g(n).
-15
Let w be (-45)/(-20)*2*2. Let b(l) = l**3 - 10*l**2 + 10*l - 5. Let j be b(w). Suppose j*i = -10*i - 70. Let f(t) = t**2 + 3*t - 1. Give f(i).
9
Let c(o) be the first derivative of -3*o**2 - o + 861. Suppose 2*i = 2*y + 3*y + 1, 3*i = 4*y + 5. Suppose 0 = 3*m + 3*s, m + i*m + 8 = 4*s. Determine c(m).
5
Let b(v) = -4*v - 39. Let i be b(-9). Let o(a) = 9*a**2 + 32*a + 39. Let t(c) = -4*c**2 - 15*c - 18. Let d(l) = i*o(l) - 7*t(l). Give d(-7).
-5
Let k = -474 + 486. Let v be k/(-2) - (5 - (-12)/(-2)). Let n(w) = 7*w - 4. Determine n(v).
-39
Let i(o) = o**3 - 6*o**2 - 5. Let m = 74 - 118. Let j be ((-3)/(-1))/((-22)/m). Give i(j).
-5
Let a(g) = -19*g. Suppose -3*y + 23 = -2*p, 5*y - 37 = 7*p - 4*p. Suppose 8 = 4*u - 4*r, -y*u + 2 = -2*r + 1. Give a(u).
19
Let x = -26642 + 26635. Let z(s) = -11*s**3 - 16*s**2 - 29*s - 5. Let c(p) = -7*p**3 - 11*p**2 - 19*p - 3. Let m(v) = -8*c(v) + 5*z(v). Calculate m(x).
-1
Let s(r) = 7*r**2 + r - 11. Let z(t) = 12*t**2 - t - 21. Let o(n) = 5*s(n) - 3*z(n). Determine o(9).
-1
Let p(a) = a**3 + 4*a**2. Suppose -4*v - 52 = -2*v + o, -3*v = -5*o + 52. Let u = v - -49. Let s = u - 28. Calculate p(s).
9
Let f(w) be the first derivative of -w**4/4 - w**3/3 + w**2/2 + 9*w - 1. Suppose -300*d = -87*d. Calculate f(d).
9
Let j(z) = -z**3 + 28*z**2 - 108*z - 180. Let o be j(23). Let s(u) = u**3 + 19*u**2 - 2*u - 47. Calculate s(o).
-9
Suppose 6 = -4*y - 2. Let o(i) be the third derivative of i**7/2520 + i**6/240 - 7*i**4/24 - 11*i**2. Let j(f) be the second derivative of o(f). What is j(y)?
-2
Let w(u) = -18*u**2 - 2*u + 18. Let j(v) = -26*v**2 - v + 21. Let z(t) = 2*j(t) - 3*w(t). Determine z(2).
4
Let f(h) = -12*h**3 + 5*h**2 - 3*h - 2. Let s(i) = -6*i**3 + 2*i**2 - i - 1. Let o(z) = -4*f(z) + 10*s(z). Calculate o(1).
-12
Let a(u) be the second derivative of 31*u + 2/3*u**3 - 1/2*u**2 - 1/20*u**5 + 0 - 1/4*u**4. Calculate a(-4).
-1
Let f(z) be the third derivative of -z**6/120 - 2*z**5/15 - z**4/3 + z**3/2 - z**2. Let c = 538 - 534. Suppose -2*s + 12 = -c*s. Calculate f(s).
-21
Let p(y) be the first derivative of -2*y**3/3 - 6*y**2 + 25*y + 328. Determine p(-8).
-7
Let w be (39/52)/(2/32*6). Suppose -9*d + w*d = 7. Let a(f) = f**3 + f + 1. Calculate a(d).
-1
Let u be 28*(-9)/(9/2). Let d be (u/(-6))/14 + 2/6. Let a(x) = -15*x**3 - 2*x**2 + x. Calculate a(d).
-16
Suppose 2*z = -0 - 4. Let y be 3 - (z + 20 - 0). Let t(h) = -h**2 - 16*h - 9. Let k be t(y). Let d(r) = -r**2 + 5*r - 1. Determine d(k).
-7
Suppose 5*a - 20 = -h, 4 = -h - h + a. Let k(b) = -12*b + 17*b + h - b**3 - 4*b**2 + 2. Let u = 7 - 12. Give k(u).
2
Suppose -17 = -p - 4*d, p - 2*d + 2438 = 2431. Let f(g) = 69*g - 56. Calculate f(p).
13
Let w(k) = 3*k + 3. Let p = -14 + 17. Suppose 0 = 5*j - 3*v + 3, 7*v = 5*j + p*v - 1. Let b be 128/48*j/2. Calculate w(b).
-9
Suppose 3*k - 3 - 3 = -3*m, m = 5*k + 20. Let l(v) = 23*v + 6. Let i(s) = 16*s + 4. Let g(j) = m*l(j) - 7*i(j). Calculate g(2).
8
Let q(c) = -213*c + 2098. Let r(z) = -61*z + 601. Let n(x) = 5*q(x) - 18*r(x). What is n(10)?
2
Let b(s) = -8 - s + 31*s**3 + 10*s**2 - 8*s**3 - 22*s**3. Let f be b(-10). Let a(d) be the second derivative of -2*d**3/3 + d**2 - d. Determine a(f).
-6
Let l(p) be the second derivative of p**6/120 - p**5/20 + p**4/12 - 2*p**3/3 + 9*p**2/2 + 76*p. Let d(w) be the first derivative of l(w). Determine d(4).
20
Let r(d) be the third derivative of d**6/120 + 19*d**5/30 + 37*d**4/24 - 96*d**2 - 7. Give r(-37).
0
Suppose -5*z = -s + 32, -2*z + 5*z = 4*s - 26. Let l(q) = q**3 + q**2 - 6*q + 3. Let w(p) = -2*p**2 - p + 1. Let g(j) = -l(j) + 2*w(j). Calculate g(z).
11
Let z(k) = -k + 6. Let l(n) = 5*n**2 + 8*n. Let g be l(-4). Let s = -12 + 55. Let o = g - s. Give z(o).
1
Let c(p) = -p**3 + 7*p**2 + 9*p - 5. Let b be c(8). Suppose b*v - 8 = -s, -s + 12 = 5*v - 0*v. Let o(r) = s + 0 + r**2 + 3 + r - 6*r. Give o(7).
19
Let r = -344 + 347. Let a(m) = -9*m + 2. Let g(y) = -4*y + 1. Let f(s) = r*a(s) - 7*g(s). Let w = 0 + -1. Calculate f(w).
-2
Let v(a) be the third derivative of -a**5/60 - a**4/12 + a**3/3 + 151*a**2. What is v(9)?
-97
Let u(j) be the third derivative of -9*j**4/8 - 40*j**2 - 31*j - 1. Determine u(-3).
81
Let p(k) = 23*k + 445. Let g be p(-18). Let o(w) = w**2 - 3*w + 1. Let i be o(7). Let m = i - g. Let h(u) = -u + 2. What is h(m)?
4
Let c(h) = 62 - 1 + 3*h**2 - 10*h - 62. Let p(v) = 4*v**2 - 10*v - 2. Let y(z) = 3*c(z) - 2*p(z). Calculate y(10).
1
Let k(q) be the first derivative of -142 + 9/2*q**2 + 3*q. Suppose -15 = 5*o + 4*b, 2*o + 15 = -3*o + 4*b. What is k(o)?
-24
Let x(y) = 36*y**2 - 5*y - 1. Let v be -13*(-1)/(-2) + (-27)/(-6). What is x(v)?
153
Let t(u) = -2*u + 1. Let c be (-38)/152 - (-1)/4. Suppose c = -5*p - 43 + 53. Determine t(p).
-3
Let h(w) = 91*w - 78. Let l(d) = 197*d - 159. Let n(x) = -13*h(x) + 6*l(x). Determine n(30).
30
Let i(z) = -24*z + 1. Let c(g) = -22*g + 9. Let v(u) = -7*c(u) + 6*i(u). What is v(6)?
3
Let c = -1625 - -1616. Suppose 7*l - 4 = 3*l. Let n(o) = 2*o + 7. Let x(k) = -1. Let h(f) = l*n(f) - 4*x(f). What is h(c)?
-7
Let p be (2 - -3) + 5 + -19*(-3)/(-6). Let m(v) be the first derivative of v - p*v**2 - 9. What is m(7)?
-6
Let q(s) be the second derivative of -s**5/20 - 2*s**4/3 + s**3/6 - 5*s**2/2 - 1244*s. Give q(-8).
-13
Let v be 27*(2 + (-112)/(-48)*(-2 + 1)). Let u(r) = -r**3 - 8*r**2 + 10*r + 6. Give u(v).
-3
Let b(o) be the third derivative of -4*o**4/3 + 23*o**3/2 - 128*o**2. What is b(2)?
5
Let n(v) = -v**2 + 11*v. Let g(d) = -2*d**2 + 4*d - 1. Let 